{"id":950,"date":"2023-03-17T00:29:20","date_gmt":"2023-03-16T21:29:20","guid":{"rendered":"http:\/\/www.derindenizmarin.com.tr\/?page_id=950"},"modified":"2023-05-01T23:43:03","modified_gmt":"2023-05-01T20:43:03","slug":"biz-kimiz","status":"publish","type":"page","link":"http:\/\/www.derindenizmarin.com.tr\/?page_id=950","title":{"rendered":"Biz Kimiz"},"content":{"rendered":"\n<div class=\"wp-block-columns are-vertically-aligned-center is-layout-flex wp-container-core-columns-is-layout-9d6595d7 wp-block-columns-is-layout-flex\">\n<div class=\"wp-block-column is-vertically-aligned-center is-layout-flow wp-block-column-is-layout-flow\">\n<figure class=\"wp-block-video\"><video height=\"404\" style=\"aspect-ratio: 720 \/ 404;\" width=\"720\" controls src=\"http:\/\/www.derindenizmarin.com.tr\/wp-content\/uploads\/2023\/05\/animasyon-1.avi\"><\/video><\/figure>\n<\/div>\n\n\n\n<div class=\"wp-block-column is-vertically-aligned-center is-layout-flow wp-block-column-is-layout-flow\">\n<h2 class=\"wp-block-heading\">Derin Deniz Marin Kimdir?<\/h2>\n\n\n\n<p>Firmam\u0131z ; 1985 y\u0131l\u0131nda beri Band\u0131rma \/ Bal\u0131kesir&#8217;de kurulmu\u015ftur. Kuruldu\u011fu g\u00fcnden bu yana m\u00fc\u015fterilerine kesintisiz hizmet veren firmam\u0131z; her t\u00fcrl\u00fc tekne, deniz motoru, tamir-bak\u0131m-onar\u0131m-al\u0131m-sat\u0131m ve tekne park alan\u0131nda hizmet veren b\u00f6lgenin say\u0131l\u0131 firmalar\u0131ndand\u0131r.<\/p>\n\n\n\n<p>Sekt\u00f6r\u00fcn ileri gelenleri aras\u0131nda yerimizi almak ve m\u00fc\u015fteri memnuniyetini \u00f6n planda tutarak yapt\u0131\u011f\u0131m\u0131z i\u015fi her platformda gururla sunmak i\u00e7in var\u0131z. <\/p>\n\n\n\n<p><\/p>\n<\/div>\n<\/div>\n","protected":false},"excerpt":{"rendered":"<p>Derin Deniz Marin Kimdir? Firmam\u0131z ; 1985 y\u0131l\u0131nda beri Band\u0131rma \/ Bal\u0131kesir&#8217;de kurulmu\u015ftur. Kuruldu\u011fu g\u00fcnden bu yana m\u00fc\u015fterilerine kesintisiz hizmet veren firmam\u0131z; her t\u00fcrl\u00fc tekne, deniz motoru, tamir-bak\u0131m-onar\u0131m-al\u0131m-sat\u0131m ve tekne park alan\u0131nda hizmet veren b\u00f6lgenin say\u0131l\u0131 firmalar\u0131ndand\u0131r. Sekt\u00f6r\u00fcn ileri gelenleri &hellip; <a href=\"http:\/\/www.derindenizmarin.com.tr\/?page_id=950\">Devam\u0131<\/a><\/p>\n","protected":false},"author":1,"featured_media":0,"parent":0,"menu_order":0,"comment_status":"closed","ping_status":"closed","template":"","meta":{"kt_blocks_editor_width":"","footnotes":""},"class_list":["post-950","page","type-page","status-publish","hentry"],"brizy_media":[],"_links":{"self":[{"href":"http:\/\/www.derindenizmarin.com.tr\/index.php?rest_route=\/wp\/v2\/pages\/950","targetHints":{"allow":["GET"]}}],"collection":[{"href":"http:\/\/www.derindenizmarin.com.tr\/index.php?rest_route=\/wp\/v2\/pages"}],"about":[{"href":"http:\/\/www.derindenizmarin.com.tr\/index.php?rest_route=\/wp\/v2\/types\/page"}],"author":[{"embeddable":true,"href":"http:\/\/www.derindenizmarin.com.tr\/index.php?rest_route=\/wp\/v2\/users\/1"}],"replies":[{"embeddable":true,"href":"http:\/\/www.derindenizmarin.com.tr\/index.php?rest_route=%2Fwp%2Fv2%2Fcomments&post=950"}],"version-history":[{"count":17,"href":"http:\/\/www.derindenizmarin.com.tr\/index.php?rest_route=\/wp\/v2\/pages\/950\/revisions"}],"predecessor-version":[{"id":991,"href":"http:\/\/www.derindenizmarin.com.tr\/index.php?rest_route=\/wp\/v2\/pages\/950\/revisions\/991"}],"wp:attachment":[{"href":"http:\/\/www.derindenizmarin.com.tr\/index.php?rest_route=%2Fwp%2Fv2%2Fmedia&parent=950"}],"curies":[{"name":"wp","href":"https:\/\/api.w.org\/{rel}","templated":true}]}}

<div class="wp-block-columns are-vertically-aligned-center is-layout-flex wp-container-core-columns-is-layout-9d6595d7 wp-block-columns-is-layout-flex">
<div class="wp-block-column is-vertically-aligned-center is-layout-flow wp-block-column-is-layout-flow">
<figure class="wp-block-video"><video height="404" style="aspect-ratio: 720 / 404;" width="720" controls src="http://www.derindenizmarin.com.tr/wp-content/uploads/2023/05/animasyon-1.avi"></video></figure>
</div>



<div class="wp-block-column is-vertically-aligned-center is-layout-flow wp-block-column-is-layout-flow">
<h2 class="wp-block-heading">Derin Deniz Marin Kimdir?</h2>



<p>Firmamız ; 1985 yılında beri Bandırma / Balıkesir&#8217;de kurulmuştur. Kurulduğu günden bu yana müşterilerine kesintisiz hizmet veren firmamız; her türlü tekne, deniz motoru, tamir-bakım-onarım-alım-satım ve tekne park alanında hizmet veren bölgenin sayılı firmalarındandır.</p>



<p>Sektörün ileri gelenleri arasında yerimizi almak ve müşteri memnuniyetini ön planda tutarak yaptığımız işi her platformda gururla sunmak için varız. </p>



<p></p>
</div>
</div>

<p>Derin Deniz Marin Kimdir? Firmamız ; 1985 yılında beri Bandırma / Balıkesir&#8217;de kurulmuştur. Kurulduğu günden bu yana müşterilerine kesintisiz hizmet veren firmamız; her türlü tekne, deniz motoru, tamir-bakım-onarım-alım-satım ve tekne park alanında hizmet veren bölgenin sayılı firmalarındandır. Sektörün ileri gelenleri &hellip; <a href="http://www.derindenizmarin.com.tr/?page_id=950">Devamı</a></p>
